(14) composite?
False
Is 4/(-8)*(1 - 435) a prime number?
False
Let m(j) = 4 + 5 + 5*j**2 - 5 - j**2 - j. Is m(3) a composite number?
False
Is (-11*(-114 + 1))/1 a prime number?
False
Suppose -4 = -2*q + q. Is (-409)/(-2)*(-2 + q) composite?
False
Let u = 7 - 4. Suppose 3*o + 975 = 5*w - o, 3*w + u*o = 558. Is w a composite number?
False
Let g be 4/6 + (-1)/(-3). Let a be (1 + -6 - -3) + g. Let u(r) = -10*r**3 + r**2 - 1. Is u(a) a prime number?
False
Is (1 - -2) + 379 - 3 composite?
False
Let u = 418 + -261. Is u prime?
True
Let y(s) be the third derivative of -35*s**4/24 + s**3/3 + s**2. Is y(-1) a composite number?
False
Let y(b) = 23*b**2. Let z = 3 + -4. Is y(z) prime?
True
Let l be 1 + 0 + -3 + 21. Suppose 0 = -3*h - 2*x + 16, x - l + 5 = -3*h. Is (-3)/1 + 42 + h a composite number?
False
Is (-2)/11 + 2/(-44)*-8606 composite?
True
Let y(b) = -b**3 + 10*b**2 - 10*b + 4. Let l be y(8). Suppose l = -h + 5*h. Is h prime?
True
Suppose l + 2*l - 141 = 0. Let x = 346 + l. Is x a prime number?
False
Suppose 0 = -3*t - 608 + 4619. Is t a composite number?
True
Suppose 4*m = -2*n + 412, -m + 0*n + 125 = -5*n. Let c = m + 18. Is c a prime number?
False
Suppose -c + 4*i = -29 - 154, 3*i - 474 = -3*c. Is c composite?
False
Suppose -3*a + 757 = -1262. Is a a composite number?
False
Suppose -151 = -6*o + 47. Is o a composite number?
True
Let j be ((-27)/(-6))/(9/(-12)). Is 2/j*291/(-1) a composite number?
False
Is -1 - -1 - (2 + -113) a prime number?
False
Suppose -3*x = -0*x + 2*l - 385, 4*l = 3*x - 373. Is x composite?
False
Suppose -y - 5*j + 20 = -6*y, y = -3*j + 16. Let z = y + 2. Suppose 0 = 2*v - 4*o - 30, z*v - 24 = v + 2*o. Is v a composite number?
True
Let h = -3 + 7. Suppose -4*r = a - 278, 0 = 8*a - h*a - 8. Is r prime?
False
Let h(t) = -4*t - 5. Let l(p) = -5*p + 1. Let n be l(2). Is h(n) a composite number?
False
Is (-4)/12*(1 - 4972) prime?
True
Suppose -15 = -l - 2*l. Suppose -5*h - 3*t - l = 0, 2 = 3*h + t + 5. Is (1 + (-132)/h)*1 a prime number?
False
Let k = 7 + -5. Let i be (k/(-3))/(-2)*93. Suppose -a + c + 0 + 7 = 0, 0 = -5*a + c + i. Is a prime?
False
Let v = 116 - -779. Is v a prime number?
False
Let h be ((-174)/(-8))/((-3)/(-12)). Let i = -56 + h. Is i a composite number?
False
Suppose 0 = 4*h - 15 + 7. Suppose -u + 97 = 4*u - r, 0 = h*u + 4*r - 30. Is u prime?
True
Suppose -22 = 2*w + 34. Let s = -14 - w. Is s prime?
False
Suppose 10*g - 143 = 9*g. Is g composite?
True
Let o = 1 - -2. Suppose 0 = -o*n - 32 + 188. Is (-1 + n/6)*6 composite?
True
Let t(u) = -7*u. Let j(s) = 6*s - 1. Let q(g) = -6*j(g) - 5*t(g). Let p be q(3). Suppose 5*k = -2*w + 118 + 15, -71 = -p*k + w. Is k composite?
True
Suppose 5*i - 5*c + 5 = 0, 3*c - 9 = -4*i + 8. Suppose 2*p + 4*o - 51 = 83, -i*o = 5*p - 351. Is p a prime number?
True
Suppose -2*h - 5*i = -1488, 4*h + 2*i - 179 - 2765 = 0. Is h prime?
False
Is (0 + -1893)*3/(-9) composite?
False
Suppose -4*c + 43 - 101 = -2*u, 5*u + 3*c = 80. Is u a prime number?
True
Let p(o) = 31*o**2 + 0*o - o - 15*o**2 + 27*o**2. Let w be p(1). Suppose -16 = -s - z, -w = -3*s + 6*z - 3*z. Is s prime?
False
Let s(c) = -c**3 - 7*c**2 + 5. Let k be s(-7). Suppose -1118 + 193 = -k*l. Is l composite?
True
Let p(i) = i - 4. Let f be p(3). Let u(x) = -x**2. Let g(y) = -312*y**2 - y - 1. Let q(s) = -g(s) - 5*u(s). Is q(f) composite?
False
Is 94 + 2*9/(-6) a prime number?
False
Let r(j) = -2*j + 17. Is r(-7) prime?
True
Suppose 7*z - 3*z = 88. Is z prime?
False
Let h = 1308 + -523. Is h prime?
False
Let l(d) = 27*d - 8. Is l(9) a prime number?
False
Suppose -4*y + 0*y = -172. Suppose -121 = -2*x - y. Is x a composite number?
True
Suppose 2*k = 3*k - 9. Suppose -k*s + 37 = -8*s. Is s a composite number?
False
Suppose -2*j + 7*j = 110. Let o be (3 + -2)/((-1)/3). Let f = j + o. Is f a composite number?
False
Suppose 2*k + 2*s - 16 = 4, -5*k - s = -62. Suppose 5*g + 3 = -3*p, 0*p + 4*p = -g + k. Is 306/8 - 1/p a composite number?
True
Let h be 11/2 + 3/(-2). Suppose -h*y + 290 = 2*t, t = 3*y - 6*y + 146. Is t prime?
False
Suppose 0 = -y - 3*i + i + 303, 2*y = i + 601. Suppose -327 = -4*p + y. Is p composite?
False
Suppose 0 = 2*g - 7 - 11. Is ((-2490)/g)/(2/(-3)) composite?
True
Let y(t) be the second derivative of t**4/12 + 7*t**3/6 - t**2/2 - 4*t. Is y(-13) a composite number?
True
Let w(h) = h**3 - h**2 - h. Let n(a) = -3*a**3 + 5*a**2 - 2*a + 1. Let b(t) = n(t) + 4*w(t). Let r(p) be the first derivative of b(p). Is r(-5) a prime number?
True
Suppose 16*d - 15*d = 2605. Is d a prime number?
False
Suppose 3*j + 1 = -5. Is (j/(-4))/(2/92) a composite number?
False
Let u(m) = -m**3 - 4*m**2 + 5*m - 3. Let b be u(-5). Is 44*b*(-39)/36 a composite number?
True
Let g(j) = 53*j + 22. Is g(8) composite?
True
Suppose 2*z = 13*z - 38401. Is z a prime number?
True
Let u = -5 - -28. Is u prime?
True
Suppose -x + 3*x = -308. Is 16/4*x/(-8) a prime number?
False
Let i(z) = 50*z + 22. Let n be i(10). Let c = n + -305. Is c composite?
True
Suppose 3*s + 4*d = 3*d - 70, 0 = -5*d + 25. Let u be -18*(-1)/1*4. Let m = u + s. Is m a composite number?
False
Let t(k) = 111*k - 11. Is t(6) prime?
False
Suppose -21*n = -5*n - 75728. Is n composite?
False
Let m = 15 + -14. Is 0 + -1 + 21 - m composite?
False
Let g = 12 - 18. Let s be 103 - 3/(-6)*g. Let c = -69 + s. Is c a composite number?
False
Suppose -3 = p - 5. Suppose z + 113 = p*z. Is z a prime number?
True
Let p = -41 - -87. Is p a composite number?
True
Let n(h) = -20*h - 6. Let p be n(-7). Suppose z + z - p = 0. Is z a prime number?
True
Let y = -7 - -7. Suppose y*t - 4*t = -56. Let m(z) = 9*z + 5. Is m(t) a composite number?
False
Let z(x) = -323*x - 74. Is z(-9) a composite number?
False
Let i = 26 - 16. Is (-354)/(-5) + 2/i a composite number?
False
Let i = 193 + 21. Is i prime?
False
Let d = 9609 + -5360. Is d prime?
False
Let y = 544 - 252. Is -2 + 3 + (y - 0) composite?
False
Let a(b) = -26*b - 49. Is a(-16) a prime number?
True
Let o be (-201)/2 - 2/(-4). Let r be 4/(-6) + 193/(-3). Let l = r - o. Is l a prime number?
False
Let j be (5 - 2 - 1)/(-2). Let z be 2/(-8) - j/4. Suppose z*m - 2*m = -66. Is m a prime number?
False
Let p = 7 + -7. Suppose -2*z + p*z = -410. Is z prime?
False
Let b(j) = 337*j**2 + 5*j - 1. Is b(2) prime?
False
Let p(b) = -6*b - 8*b**2 - b**3 - 3 - b - 2*b - 3. Let f be p(-6). Is (-926)/(-12) - (-4)/f composite?
True
Let t = 2178 + -1501. Is t prime?
True
Let n(o) = o**2 - 9*o + 9. Is n(11) prime?
True
Suppose -6*p + 315 = 93. Is p a prime number?
True
Suppose -h + 59 = -18. Is h composite?
True
Suppose -37 - 73 = -5*o. Is o a composite number?
True
Let x(t) = t**3 + 2*t**2 + 2*t + 7631. Is x(0) composite?
True
Let t be 300/16 - (-3)/(-4). Let l = 4 + t. Is l a prime number?
False
Suppose 3*x + 4*p - 386 = 0, p - 126 = -x - p. Suppose -5*y = -3*y - x. Is y composite?
False
Suppose z = -0*z + 10. Let n be z/(-3)*(-15)/10. Suppose 5*x = -n*v + 85, 4*x = -5*v + 17 + 49. Is x composite?
False
Let r = -519 + -383. Let m = 1273 + r. Is m prime?
False
Is (1 + 1)/((-8)/(-19628)) composite?
True
Is (-53)/(-3)*153/3 a composite number?
True
Is (-1)/((-3218)/3217 - -1)*1 a prime number?
True
Suppose -4*o + 1479 = -485. Is o a composite number?
False
Let z(w) = 2*w**2 - 4*w - 1. Let u be z(3). Let i = 8 - 9. Is 275/u + i + 1 prime?
False
Suppose -3*d + 11 = -2*c, -d = 2*c - 0*c - 9. Suppose 5621 = -m - 0*m + 5*x, -3*m + c*x = 16863. Is m/(-63) + 2/(-9) prime?
True
Suppose -3*h + 201 = -84. Suppose -4*g = g - h. Is g a prime number?
True
Let c be 117 - (-3 + 6 - 1). Suppose -3*q = -2*q - c. Is q composite?
True
Let q(d) be the second derivative of 7*d**5/20 + d**4/4 - d**3/6 + d**2/2 - 3*d. Let o = 0 - -2. Is q(o) a composite number?
False
Let y(z) be the third derivative of z**8/6720 - z**7/2520 - z**6/360 + z**5/12 - z**2. Let f(i) be the third derivative of y(i). Is f(3) a prime number?
True
Let d = 364 + 531. Is d composite?
True
Let g = 2954 + -805. Is g a composite number?
True
Let x be ((-27)/6)/(1/2). Is (-1*1)/(x/531) prime?
True
Let d(w) = -w**3 - 3*w**2 + 6*w - 6. Let s = -4 - -11. Let y = s + -12. Is d(y) composite?
True
Let y = -756 + 1207. Is y prime?
False
Suppose -24 = -4*x + 16. Is (x/(-8))/(4/(-48)) composite?
True
Suppose -3*u + 4 = -u. Suppose i =